y 29?
25
Calculate the remainder when 56 is divided by 34.
22
Calculate the remainder when 3958 is divided by 30.
28
Calculate the remainder when 2294 is divided by 414.
224
Calculate the remainder when 2165 is divided by 11.
9
Calculate the remainder when 612 is divided by 15.
12
Calculate the remainder when 70976 is divided by 35.
31
Calculate the remainder when 104 is divided by 17.
2
What is the remainder when 54 is divided by 22?
10
Calculate the remainder when 1058 is divided by 78.
44
What is the remainder when 94 is divided by 56?
38
Calculate the remainder when 1010 is divided by 272.
194
What is the remainder when 150 is divided by 41?
27
What is the remainder when 25118 is divided by 16?
14
What is the remainder when 253 is divided by 66?
55
What is the remainder when 23 is divided by 19?
4
What is the remainder when 94 is divided by 37?
20
Calculate the remainder when 453 is divided by 156.
141
Calculate the remainder when 826 is divided by 271.
13
What is the remainder when 126 is divided by 4?
2
Calculate the remainder when 312 is divided by 102.
6
Calculate the remainder when 1257 is divided by 97.
93
Calculate the remainder when 72 is divided by 38.
34
What is the remainder when 159 is divided by 47?
18
What is the remainder when 106 is divided by 24?
10
Calculate the remainder when 532 is divided by 435.
97
What is the remainder when 689 is divided by 231?
227
Calculate the remainder when 207 is divided by 42.
39
What is the remainder when 406 is divided by 82?
78
Calculate the remainder when 421 is divided by 228.
193
What is the remainder when 1012 is divided by 20?
12
Calculate the remainder when 284 is divided by 41.
38
Calculate the remainder when 85 is divided by 4.
1
What is the remainder when 124 is divided by 33?
25
Calculate the remainder when 1249 is divided by 157.
150
Calculate the remainder when 150 is divided by 4.
2
What is the remainder when 2845 is divided by 474?
1
What is the remainder when 486 is divided by 49?
45
Calculate the remainder when 4365 is divided by 59.
58
What is the remainder when 616 is divided by 23?
18
Calculate the remainder when 559 is divided by 95.
84
What is the remainder when 471 is divided by 60?
51
Calculate the remainder when 6953 is divided by 4.
1
What is the remainder when 256 is divided by 218?
38
Calculate the remainder when 211 is divided by 75.
61
What is the remainder when 26997 is divided by 24?
21
What is the remainder when 635 is divided by 77?
19
What is the remainder when 1458 is divided by 80?
18
What is the remainder when 143 is divided by 37?
32
What is the remainder when 86 is divided by 16?
6
Calculate the remainder when 1871 is divided by 6.
5
Calculate the remainder when 1983 is divided by 116.
11
What is the remainder when 89 is divided by 27?
8
Calculate the remainder when 1885 is divided by 95.
80
What is the remainder when 164 is divided by 42?
38
What is the remainder when 9607 is divided by 7?
3
What is the remainder when 1480 is divided by 211?
3
What is the remainder when 208 is divided by 53?
49
Calculate the remainder when 44 is divided by 6.
2
Calculate the remainder when 26104 is divided by 23.
22
Calculate the remainder when 195 is divided by 48.
3
What is the remainder when 6262 is divided by 87?
85
What is the remainder when 125 is divided by 14?
13
Calculate the remainder when 835 is divided by 60.
55
What is the remainder when 255 is divided by 80?
15
What is the remainder when 59 is divided by 30?
29
Calculate the remainder when 77 is divided by 5.
2
Calculate the remainder when 199 is divided by 50.
49
Calculate the remainder when 875 is divided by 20.
15
Calculate the remainder when 110 is divided by 8.
6
What is the remainder when 9411 is divided by 13?
12
What is the remainder when 133 is divided by 29?
17
What is the remainder when 6611 is divided by 174?
173
Calculate the remainder when 603 is divided by 214.
175
What is the remainder when 2740 is divided by 45?
40
Calculate the remainder when 290 is divided by 212.
78
What is the remainder when 111 is divided by 13?
7
Calculate the remainder when 168 is divided by 90.
78
What is the remainder when 5156 is divided by 15?
11
What is the remainder when 880 is divided by 98?
96
Calculate the remainder when 15 is divided by 2.
1
Calculate the remainder when 3424 is divided by 15.
4
What is the remainder when 69 is divided by 47?
22
Calculate the remainder when 141 is divided by 53.
35
What is the remainder when 1776 is divided by 81?
75
What is the remainder when 793 is divided by 15?
13
Calculate the remainder when 196 is divided by 23.
12
Calculate the remainder when 644 is divided by 635.
9
What is the remainder when 80 is divided by 64?
16
What is the remainder when 453 is divided by 12?
9
What is the remainder when 72 is divided by 27?
18
What is the remainder when 7313 is divided by 95?
93
What is the remainder when 70 is divided by 8?
6
Calculate the remainder when 45 is divided by 26.
19
Calculate the remainder when 5238 is divided by 92.
86
Calculate the remainder when 467 is divided by 22.
5
What is the remainder when 11126 is divided by 104?
102
Calculate the remainder when 264 is divided by 90.
84
Calculate the remainder when 208 is divided by 50.
8
Calculate the remainder when 11 is divided by 9.
2
What is the remainder when 104 is divided by 35?
34
Calculate the remainder when 314 is divided by 56.
34
Calculate the remainder when 1849 is divided by 305.
19
What is the remainder when 516 is divided by 4?
0
What is the remainder when 1344 is divided by 330?
24
What is the remainder when 433 is divided by 146?
141
What is the remainder when 1025 is divided by 335?
20
Calculate the remainder when 1632 is divided by 70.
22
What is the remainder when 42 is divided by 22?
20
What is the remainder when 5562 is divided by 1851?
9
What is the remainder when 82 is divided by 4?
2
Calculate the remainder when 1975 is divided by 44.
39
Calculate the remainder when 1655 is divided by 276.
275
What is the remainder when 73 is divided by 69?
4
Calculate the remainder when 326 is divided by 22.
18
What is the remainder when 226 is divided by 12?
10
Calculate the remainder when 94 is divided by 20.
14
Calculate the remainder when 433 is divided by 267.
166
Calculate the remainder when 2522 is divided by 29.
28
Calculate the remainder when 6928 is divided by 15.
13
What is the remainder when 43 is divided by 13?
4
Calculate the remainder when 105 is divided by 25.
5
What is the remainder when 3455 is divided by 27?
26
Calculate the remainder when 1034 is divided by 1027.
7
What is the remainder when 908 is divided by 130?
128
What is the remainder when 343 is divided by 4?
3
What is the remainder when 282 is divided by 61?
38
Calculate the remainder when 267 is divided by 54.
51
Calculate the remainder when 1242 is divided by 89.
85
What is the remainder when 5338 is divided by 223?
209
What is the remainder when 22 is divided by 15?
7
What is the remainder when 554 is divided by 37?
36
Calculate the remainder when 555 is divided by 18.
15
What is the remainder when 811 is divided by 19?
13
What is the remainder when 539 is divided by 10?
9
What is the remainder when 514 is divided by 35?
24
What is the remainder when 2480 is divided by 2458?
22
What is the remainder when 103 is divided by 38?
27
What is the remainder when 1635 is divided by 20?
15
Calculate the remainder when 28 is divided by 15.
13
What is the remainder when 53 is divided by 15?
8
What is the remainder when 64 is divided by 19?
7
Calculate the remainder when 1003 is divided by 202.
195
What is the remainder when 473 is divided by 21?
11
What is the remainder when 541 is divided by 162?
55
Calculate the remainder when 234 is divided by 63.
45
Calculate the remainder when 413 is divided by 190.
33
Calculate the remainder when 454 is divided by 21.
13
Calculate the remainder when 201 is divided by 41.
37
What is the remainder when 93 is divided by 25?
18
What is the remainder when 152 is divided by 89?
63
What is the remainder when 1552 is divided by 217?
33
Calculate the remainder when 177 is divided by 9.
6
Calculate the remainder when 452 is divided by 142.
26
Calculate the remainder when 795 is divided by 276.
243
Calcula